{"id":7075,"date":"2024-11-25T15:16:27","date_gmt":"2024-11-25T12:16:27","guid":{"rendered":"https:\/\/www.kumkoybeachresort.com\/?page_id=7075"},"modified":"2026-02-13T11:41:56","modified_gmt":"2026-02-13T08:41:56","slug":"2023-2025","status":"publish","type":"page","link":"https:\/\/www.kumkoybeachresort.com\/index.php\/2023-2025\/","title":{"rendered":"2023-2025"},"content":{"rendered":"\t\t<div data-elementor-type=\"wp-page\" data-elementor-id=\"7075\" class=\"elementor elementor-7075\">\n\t\t\t\t<div class=\"elementor-element elementor-element-89af8b6 e-flex e-con-boxed e-con e-parent\" data-id=\"89af8b6\" data-element_type=\"container\" data-e-type=\"container\">\n\t\t\t\t\t<div class=\"e-con-inner\">\n\t\t\t\t<div class=\"elementor-element elementor-element-ff55239 elementor-align-center elementor-widget elementor-widget-heading\" data-id=\"ff55239\" data-element_type=\"widget\" data-e-type=\"widget\" data-widget_type=\"heading.default\">\n\t\t\t\t<div class=\"elementor-widget-container\">\n\t\t\t\t\t<span class=\"sub-title\">2023-2025<\/span><h2 class=\"elementor-heading-title elementor-size-default\">S\u00fcrd\u00fcr\u00fclebilirlik Raporlar\u0131m\u0131z<\/h2>\t\t\t\t<\/div>\n\t\t\t\t<\/div>\n\t\t\t\t\t<\/div>\n\t\t\t\t<\/div>\n\t\t<div class=\"elementor-element elementor-element-784c768 e-grid e-con-full e-con e-parent\" data-id=\"784c768\" data-element_type=\"container\" data-e-type=\"container\">\n\t\t<div class=\"elementor-element elementor-element-e534fb5 e-flex e-con-boxed e-con e-child\" data-id=\"e534fb5\" data-element_type=\"container\" data-e-type=\"container\">\n\t\t\t\t\t<div class=\"e-con-inner\">\n\t\t\t\t<div class=\"elementor-element elementor-element-74fc651 elementor-widget elementor-widget-shortcode\" data-id=\"74fc651\" data-element_type=\"widget\" data-e-type=\"widget\" data-widget_type=\"shortcode.default\">\n\t\t\t\t<div class=\"elementor-widget-container\">\n\t\t\t\t\t\t\t<div class=\"elementor-shortcode\"><div class=\"_df_thumb \" id=\"df_7047\"  _slug=\"surdurulebilirlik-raporu-2022-2023-en\" data-title=\"surdurulebilirlik-raporu-2022-2023-en\" wpoptions=\"true\" thumb=\"https:\/\/www.kumkoybeachresort.com\/wp-content\/uploads\/2024\/11\/Sustainability-Report-2022-2023-1.png\" thumbtype=\"\" >S\u00fcrd\u00fcr\u00fclebilirlik Raporu 2022-2023 EN<\/div><script class=\"df-shortcode-script\" nowprocket type=\"application\/javascript\">window.option_df_7047 = {\"outline\":[],\"autoEnableOutline\":\"false\",\"autoEnableThumbnail\":\"false\",\"overwritePDFOutline\":\"false\",\"backgroundImage\":\"https:\\\/\\\/www.kumkoybeachresort.com\\\/wp-content\\\/uploads\\\/2024\\\/11\\\/Sustainability-Report-2022-2023-1.png\",\"direction\":\"1\",\"pageSize\":\"0\",\"source\":\"https:\\\/\\\/www.kumkoybeachresort.com\\\/wp-content\\\/uploads\\\/2019\\\/08\\\/Sustainability-Report-2022-2023.pdf\",\"wpOptions\":\"true\"}; if(window.DFLIP && window.DFLIP.parseBooks){window.DFLIP.parseBooks();}<\/script><\/div>\n\t\t\t\t\t\t<\/div>\n\t\t\t\t<\/div>\n\t\t\t\t\t<\/div>\n\t\t\t\t<\/div>\n\t\t<div class=\"elementor-element elementor-element-2c49584 e-flex e-con-boxed e-con e-child\" data-id=\"2c49584\" data-element_type=\"container\" data-e-type=\"container\">\n\t\t\t\t\t<div class=\"e-con-inner\">\n\t\t\t\t<div class=\"elementor-element elementor-element-a44e203 elementor-widget elementor-widget-shortcode\" data-id=\"a44e203\" data-element_type=\"widget\" data-e-type=\"widget\" data-widget_type=\"shortcode.default\">\n\t\t\t\t<div class=\"elementor-widget-container\">\n\t\t\t\t\t\t\t<div class=\"elementor-shortcode\"><div class=\"_df_thumb \" id=\"df_7041\"  _slug=\"surdurulebilirlik-raporu-2022-2023-tr\" data-title=\"surdurulebilirlik-raporu-2022-2023-tr\" wpoptions=\"true\" thumb=\"https:\/\/www.kumkoybeachresort.com\/wp-content\/uploads\/2024\/11\/Surdurulebilirlik-Raporu-2022-2023-1.png\" thumbtype=\"\" >S\u00fcrd\u00fcr\u00fclebilirlik Raporu 2022-2023 TR<\/div><script class=\"df-shortcode-script\" nowprocket type=\"application\/javascript\">window.option_df_7041 = {\"outline\":[],\"autoEnableOutline\":\"false\",\"autoEnableThumbnail\":\"false\",\"overwritePDFOutline\":\"false\",\"backgroundImage\":\"https:\\\/\\\/www.kumkoybeachresort.com\\\/wp-content\\\/uploads\\\/2024\\\/11\\\/Surdurulebilirlik-Raporu-2022-2023-1.png\",\"direction\":\"1\",\"pageSize\":\"0\",\"source\":\"https:\\\/\\\/www.kumkoybeachresort.com\\\/wp-content\\\/uploads\\\/2019\\\/08\\\/Surdurulebilirlik-Raporu-2022-2023.pdf\",\"wpOptions\":\"true\"}; if(window.DFLIP && window.DFLIP.parseBooks){window.DFLIP.parseBooks();}<\/script><\/div>\n\t\t\t\t\t\t<\/div>\n\t\t\t\t<\/div>\n\t\t\t\t\t<\/div>\n\t\t\t\t<\/div>\n\t\t<div class=\"elementor-element elementor-element-866c7b6 e-flex e-con-boxed e-con e-child\" data-id=\"866c7b6\" data-element_type=\"container\" data-e-type=\"container\">\n\t\t\t\t\t<div class=\"e-con-inner\">\n\t\t\t\t<div class=\"elementor-element elementor-element-3be6de5 elementor-widget elementor-widget-shortcode\" data-id=\"3be6de5\" data-element_type=\"widget\" data-e-type=\"widget\" data-widget_type=\"shortcode.default\">\n\t\t\t\t<div class=\"elementor-widget-container\">\n\t\t\t\t\t\t\t<div class=\"elementor-shortcode\"><div class=\"_df_thumb \" id=\"df_7053\"  _slug=\"surdurulebilirlik-raporu-2022-2023-ger\" data-title=\"surdurulebilirlik-raporu-2022-2023-ger\" wpoptions=\"true\" thumb=\"https:\/\/www.kumkoybeachresort.com\/wp-content\/uploads\/2024\/11\/Nachhaltigkeit-Bericht-2022-2023-1.png\" thumbtype=\"\" >S\u00fcrd\u00fcr\u00fclebilirlik Raporu 2022-2023 GER<\/div><script class=\"df-shortcode-script\" nowprocket type=\"application\/javascript\">window.option_df_7053 = {\"outline\":[],\"autoEnableOutline\":\"false\",\"autoEnableThumbnail\":\"false\",\"overwritePDFOutline\":\"false\",\"backgroundImage\":\"https:\\\/\\\/www.kumkoybeachresort.com\\\/wp-content\\\/uploads\\\/2024\\\/11\\\/Nachhaltigkeit-Bericht-2022-2023-1.png\",\"direction\":\"1\",\"pageSize\":\"0\",\"source\":\"https:\\\/\\\/www.kumkoybeachresort.com\\\/wp-content\\\/uploads\\\/2019\\\/08\\\/Nachhaltigkeit-Bericht-2022-2023.pdf\",\"wpOptions\":\"true\"}; if(window.DFLIP && window.DFLIP.parseBooks){window.DFLIP.parseBooks();}<\/script><\/div>\n\t\t\t\t\t\t<\/div>\n\t\t\t\t<\/div>\n\t\t\t\t\t<\/div>\n\t\t\t\t<\/div>\n\t\t\t\t<\/div>\n\t\t<div class=\"elementor-element elementor-element-7e80d36 e-con-full e-flex e-con e-parent\" data-id=\"7e80d36\" data-element_type=\"container\" data-e-type=\"container\">\n\t\t<div class=\"elementor-element elementor-element-e7119d8 e-con-full e-flex e-con e-child\" data-id=\"e7119d8\" data-element_type=\"container\" data-e-type=\"container\">\n\t\t\t\t<div class=\"elementor-element elementor-element-3e97bfb elementor-widget elementor-widget-shortcode\" data-id=\"3e97bfb\" data-element_type=\"widget\" data-e-type=\"widget\" data-widget_type=\"shortcode.default\">\n\t\t\t\t<div class=\"elementor-widget-container\">\n\t\t\t\t\t\t\t<div class=\"elementor-shortcode\"><div class=\"_df_thumb \" id=\"df_7355\"  _slug=\"surdurulebilirlik-politikalarimiz\" data-title=\"surdurulebilirlik-politikalarimiz\" wpoptions=\"true\" thumb=\"https:\/\/www.kumkoybeachresort.com\/wp-content\/uploads\/2025\/03\/Sunis-Surdurulebilirlik-Politikalari-Turkce-scaled.jpg\" thumbtype=\"\" >S\u00fcrd\u00fcr\u00fclebilirlik Politikalar\u0131m\u0131z<\/div><script class=\"df-shortcode-script\" nowprocket type=\"application\/javascript\">window.option_df_7355 = {\"outline\":[],\"autoEnableOutline\":\"false\",\"autoEnableThumbnail\":\"false\",\"overwritePDFOutline\":\"false\",\"backgroundImage\":\"https:\\\/\\\/www.kumkoybeachresort.com\\\/wp-content\\\/uploads\\\/2025\\\/03\\\/Sunis-Surdurulebilirlik-Politikalari-Turkce-scaled.jpg\",\"direction\":\"1\",\"pageSize\":\"0\",\"source\":\"https:\\\/\\\/www.kumkoybeachresort.com\\\/wp-content\\\/uploads\\\/2025\\\/03\\\/Sunis-Surdurulebilirlik-Politikalari-Turkce.pdf\",\"wpOptions\":\"true\"}; if(window.DFLIP && window.DFLIP.parseBooks){window.DFLIP.parseBooks();}<\/script><\/div>\n\t\t\t\t\t\t<\/div>\n\t\t\t\t<\/div>\n\t\t\t\t<div class=\"elementor-element elementor-element-fa2deb7 elementor-widget elementor-widget-shortcode\" data-id=\"fa2deb7\" data-element_type=\"widget\" data-e-type=\"widget\" data-widget_type=\"shortcode.default\">\n\t\t\t\t<div class=\"elementor-widget-container\">\n\t\t\t\t\t\t\t<div class=\"elementor-shortcode\"><div class=\"_df_thumb \" id=\"df_7349\"  _slug=\"enerji-politikalarimiz\" data-title=\"enerji-politikalarimiz\" wpoptions=\"true\" thumb=\"https:\/\/www.kumkoybeachresort.com\/wp-content\/uploads\/2025\/03\/Enerji-Politikamiz-Turkce-scaled.jpg\" thumbtype=\"\" >Enerji Politikalar\u0131m\u0131z<\/div><script class=\"df-shortcode-script\" nowprocket type=\"application\/javascript\">window.option_df_7349 = {\"outline\":[],\"autoEnableOutline\":\"false\",\"autoEnableThumbnail\":\"false\",\"overwritePDFOutline\":\"false\",\"backgroundImage\":\"https:\\\/\\\/www.kumkoybeachresort.com\\\/wp-content\\\/uploads\\\/2025\\\/03\\\/Enerji-Politikamiz-Turkce-scaled.jpg\",\"direction\":\"1\",\"pageSize\":\"0\",\"source\":\"https:\\\/\\\/www.kumkoybeachresort.com\\\/wp-content\\\/uploads\\\/2025\\\/03\\\/Enerji-Politikamiz-Turkce.pdf\",\"wpOptions\":\"true\"}; if(window.DFLIP && window.DFLIP.parseBooks){window.DFLIP.parseBooks();}<\/script><\/div>\n\t\t\t\t\t\t<\/div>\n\t\t\t\t<\/div>\n\t\t\t\t<\/div>\n\t\t\t\t<\/div>\n\t\t<div class=\"elementor-element elementor-element-f92f14c e-flex e-con-boxed e-con e-parent\" data-id=\"f92f14c\" data-element_type=\"container\" data-e-type=\"container\">\n\t\t\t\t\t<div class=\"e-con-inner\">\n\t\t<div class=\"elementor-element elementor-element-a4700b7 e-con-full e-flex e-con e-child\" data-id=\"a4700b7\" data-element_type=\"container\" data-e-type=\"container\">\n\t\t\t\t<div class=\"elementor-element elementor-element-aba2fac elementor-widget elementor-widget-shortcode\" data-id=\"aba2fac\" data-element_type=\"widget\" data-e-type=\"widget\" data-widget_type=\"shortcode.default\">\n\t\t\t\t<div class=\"elementor-widget-container\">\n\t\t\t\t\t\t\t<div class=\"elementor-shortcode\"><div class=\"_df_thumb \" id=\"df_7081\"  _slug=\"surdurulebilirlik-turizm-sertifikasi-tr-en\" data-title=\"surdurulebilirlik-turizm-sertifikasi-tr-en\" wpoptions=\"true\" thumb=\"https:\/\/www.kumkoybeachresort.com\/wp-content\/uploads\/2024\/11\/Surdurulebilir-Turizm-Sertifikasi-1.png\" thumbtype=\"\" >S\u00fcrd\u00fcr\u00fclebilirlik Turizm Sertifikas\u0131 TR-EN<\/div><script class=\"df-shortcode-script\" nowprocket type=\"application\/javascript\">window.option_df_7081 = {\"outline\":[],\"autoEnableOutline\":\"false\",\"autoEnableThumbnail\":\"false\",\"overwritePDFOutline\":\"false\",\"backgroundImage\":\"https:\\\/\\\/www.kumkoybeachresort.com\\\/wp-content\\\/uploads\\\/2024\\\/11\\\/Surdurulebilir-Turizm-Sertifikasi-1.png\",\"direction\":\"1\",\"pageSize\":\"0\",\"source\":\"https:\\\/\\\/www.kumkoybeachresort.com\\\/wp-content\\\/uploads\\\/2025\\\/03\\\/SUNIS-KUMKOY-BEACH-SURDURULEBILIRLIK-SERTIFIKASI.pdf\",\"wpOptions\":\"true\"}; if(window.DFLIP && window.DFLIP.parseBooks){window.DFLIP.parseBooks();}<\/script><\/div>\n\t\t\t\t\t\t<\/div>\n\t\t\t\t<\/div>\n\t\t\t\t<\/div>\n\t\t\t\t<div class=\"elementor-element elementor-element-7eda9df elementor-widget elementor-widget-shortcode\" data-id=\"7eda9df\" data-element_type=\"widget\" data-e-type=\"widget\" data-widget_type=\"shortcode.default\">\n\t\t\t\t<div class=\"elementor-widget-container\">\n\t\t\t\t\t\t\t<div class=\"elementor-shortcode\"><div class=\"_df_thumb \" id=\"df_7362\"  _slug=\"iso-50001-sertifikamiz\" data-title=\"iso-50001-sertifikamiz\" wpoptions=\"true\" thumb=\"https:\/\/www.kumkoybeachresort.com\/wp-content\/uploads\/2025\/03\/SUNIS-KUMKOY-50001_page-0001.jpg\" thumbtype=\"\" >ISO 50001 Sertifikam\u0131z<\/div><script class=\"df-shortcode-script\" nowprocket type=\"application\/javascript\">window.option_df_7362 = {\"outline\":[],\"autoEnableOutline\":\"false\",\"autoEnableThumbnail\":\"false\",\"overwritePDFOutline\":\"false\",\"backgroundImage\":\"https:\\\/\\\/www.kumkoybeachresort.com\\\/wp-content\\\/uploads\\\/2025\\\/03\\\/SUNIS-KUMKOY-50001_page-0001.jpg\",\"direction\":\"1\",\"pageSize\":\"0\",\"source\":\"https:\\\/\\\/www.kumkoybeachresort.com\\\/wp-content\\\/uploads\\\/2025\\\/03\\\/SUNIS-KUMKOY-50001.pdf\",\"wpOptions\":\"true\"}; if(window.DFLIP && window.DFLIP.parseBooks){window.DFLIP.parseBooks();}<\/script><\/div>\n\t\t\t\t\t\t<\/div>\n\t\t\t\t<\/div>\n\t\t\t\t\t<\/div>\n\t\t\t\t<\/div>\n\t\t<div class=\"elementor-element elementor-element-ab7acd2 e-flex e-con-boxed e-con e-parent\" data-id=\"ab7acd2\" data-element_type=\"container\" data-e-type=\"container\">\n\t\t\t\t\t<div class=\"e-con-inner\">\n\t\t<div class=\"elementor-element elementor-element-0e5acd0 e-con-full e-flex e-con e-child\" data-id=\"0e5acd0\" data-element_type=\"container\" data-e-type=\"container\">\n\t\t\t\t<div class=\"elementor-element elementor-element-da6c4fb elementor-widget elementor-widget-shortcode\" data-id=\"da6c4fb\" data-element_type=\"widget\" data-e-type=\"widget\" data-widget_type=\"shortcode.default\">\n\t\t\t\t<div class=\"elementor-widget-container\">\n\t\t\t\t\t\t\t<div class=\"elementor-shortcode\"><div class=\"_df_thumb \" id=\"df_7092\"  _slug=\"mavi-bayrak-sertifikasi-2023\" data-title=\"mavi-bayrak-sertifikasi-2024\" wpoptions=\"true\" thumb=\"https:\/\/www.kumkoybeachresort.com\/wp-content\/uploads\/2024\/11\/Mavi-Bayrak-Sertifikasi.png\" thumbtype=\"\" >Mavi Bayrak Sertifikas\u0131 2024<\/div><script class=\"df-shortcode-script\" nowprocket type=\"application\/javascript\">window.option_df_7092 = {\"outline\":[],\"autoEnableOutline\":\"false\",\"autoEnableThumbnail\":\"false\",\"overwritePDFOutline\":\"false\",\"backgroundImage\":\"https:\\\/\\\/www.kumkoybeachresort.com\\\/wp-content\\\/uploads\\\/2024\\\/11\\\/Mavi-Bayrak-Sertifikasi.png\",\"direction\":\"1\",\"pageSize\":\"0\",\"source\":\"https:\\\/\\\/www.kumkoybeachresort.com\\\/wp-content\\\/uploads\\\/2025\\\/03\\\/MAVI-BAYRAK-SERTIFIKA-2024.pdf\",\"wpOptions\":\"true\"}; if(window.DFLIP && window.DFLIP.parseBooks){window.DFLIP.parseBooks();}<\/script><\/div>\n\t\t\t\t\t\t<\/div>\n\t\t\t\t<\/div>\n\t\t\t\t<\/div>\n\t\t<div class=\"elementor-element elementor-element-6342435 e-con-full e-flex e-con e-child\" data-id=\"6342435\" data-element_type=\"container\" data-e-type=\"container\">\n\t\t\t\t<div class=\"elementor-element elementor-element-ff92ff1 elementor-widget elementor-widget-shortcode\" data-id=\"ff92ff1\" data-element_type=\"widget\" data-e-type=\"widget\" data-widget_type=\"shortcode.default\">\n\t\t\t\t<div class=\"elementor-widget-container\">\n\t\t\t\t\t\t\t<div class=\"elementor-shortcode\"><div class=\"_df_thumb \" id=\"df_7095\"  _slug=\"sifir-atik-belgesi\" data-title=\"sifir-atik-belgesi\" wpoptions=\"true\" thumb=\"https:\/\/www.kumkoybeachresort.com\/wp-content\/uploads\/2024\/11\/Sifir-Atik-Belgesi.png\" thumbtype=\"\" >S\u0131f\u0131r At\u0131k Belgesi<\/div><script class=\"df-shortcode-script\" nowprocket type=\"application\/javascript\">window.option_df_7095 = {\"outline\":[],\"autoEnableOutline\":\"false\",\"autoEnableThumbnail\":\"false\",\"overwritePDFOutline\":\"false\",\"backgroundImage\":\"https:\\\/\\\/www.kumkoybeachresort.com\\\/wp-content\\\/uploads\\\/2024\\\/11\\\/Sifir-Atik-Belgesi.png\",\"direction\":\"1\",\"pageSize\":\"0\",\"source\":\"https:\\\/\\\/www.kumkoybeachresort.com\\\/wp-content\\\/uploads\\\/2019\\\/08\\\/Sifir-Atik-Belgesi.pdf\",\"wpOptions\":\"true\"}; if(window.DFLIP && window.DFLIP.parseBooks){window.DFLIP.parseBooks();}<\/script><\/div>\n\t\t\t\t\t\t<\/div>\n\t\t\t\t<\/div>\n\t\t\t\t<\/div>\n\t\t\t\t\t<\/div>\n\t\t\t\t<\/div>\n\t\t\t\t<\/div>\n\t\t","protected":false},"excerpt":{"rendered":"<p>2023-2025 S\u00fcrd\u00fcr\u00fclebilirlik Raporlar\u0131m\u0131z<\/p>\n","protected":false},"author":1,"featured_media":0,"parent":0,"menu_order":0,"comment_status":"closed","ping_status":"closed","template":"","meta":{"inline_featured_image":false,"footnotes":""},"class_list":["post-7075","page","type-page","status-publish","hentry"],"_links":{"self":[{"href":"https:\/\/www.kumkoybeachresort.com\/index.php\/wp-json\/wp\/v2\/pages\/7075","targetHints":{"allow":["GET"]}}],"collection":[{"href":"https:\/\/www.kumkoybeachresort.com\/index.php\/wp-json\/wp\/v2\/pages"}],"about":[{"href":"https:\/\/www.kumkoybeachresort.com\/index.php\/wp-json\/wp\/v2\/types\/page"}],"author":[{"embeddable":true,"href":"https:\/\/www.kumkoybeachresort.com\/index.php\/wp-json\/wp\/v2\/users\/1"}],"replies":[{"embeddable":true,"href":"https:\/\/www.kumkoybeachresort.com\/index.php\/wp-json\/wp\/v2\/comments?post=7075"}],"version-history":[{"count":53,"href":"https:\/\/www.kumkoybeachresort.com\/index.php\/wp-json\/wp\/v2\/pages\/7075\/revisions"}],"predecessor-version":[{"id":7462,"href":"https:\/\/www.kumkoybeachresort.com\/index.php\/wp-json\/wp\/v2\/pages\/7075\/revisions\/7462"}],"wp:attachment":[{"href":"https:\/\/www.kumkoybeachresort.com\/index.php\/wp-json\/wp\/v2\/media?parent=7075"}],"curies":[{"name":"wp","href":"https:\/\/api.w.org\/{rel}","templated":true}]}}